16 is divided by f?
2
Suppose o + 346 = 703. Calculate the remainder when o is divided by 118.
3
Suppose -624 - 232 = -2*u. Suppose 2*a = -3*q + u, -2*q + 432 = q + 3*a. Suppose -9*t + q = -4*t. What is the remainder when t is divided by 15?
13
Let h(j) = j**3 + 18*j**2 - 23*j + 84. Calculate the remainder when h(-19) is divided by 18.
16
Let u be (-13)/(-65) + 58/10. Let r be 0 + -6 - (-3 - -2). Calculate the remainder when 11 is divided by (r/3)/((-2)/u).
1
Suppose 56 = w + 2*r, w - 3*r - 30 = 26. Calculate the remainder when w is divided by 16.
8
Let m = -64 - -26. Let i = -13 - m. Suppose 92 = 3*z + 2*p - 120, 4*z + 4*p = 276. Calculate the remainder when z is divided by i.
24
Let p be (-1)/(1 - 2/1). Let z(q) = 0*q - 5 + 4*q + p + 0. What is the remainder when 21 is divided by z(3)?
5
Let g = 459 + -440. What is the remainder when g is divided by 11/33 - (-34)/6?
1
Let d(j) = -22*j - 1. Let c be d(-1). Suppose -6*x = -5*x - c. Let g(o) = 20*o + 71. Calculate the remainder when x is divided by g(-3).
10
Let m(u) = -19*u**2 - 2*u - 2. Suppose -g = 3*q + 2 + 5, 4*q - 2*g = -6. Let o be m(q). Let d = o - -162. Calculate the remainder when d is divided by 13.
10
Suppose -3552 = -24*a + 5376. What is the remainder when a is divided by 25?
22
Let i = 1531 - 1162. What is the remainder when i is divided by 95?
84
Let b(j) be the third derivative of j**6/120 - j**5/20 - 4*j**3/3 - 44*j**2. Calculate the remainder when 29 is divided by b(4).
5
Suppose 10*v - 15*v = -120. Calculate the remainder when 183 is divided by v.
15
Suppose -3*f + 14 = -7. Let q(z) = -18 + 42 + 2*z + 13 - 3*z. What is the remainder when q(19) is divided by f?
4
Let n = -170 + 178. Let t = -3 + 0. What is the remainder when (-2)/(6/(-105)) - t is divided by n?
6
Let v = 35 + 81. Calculate the remainder when v is divided by 59.
57
Let t(w) = 4*w**2 - 9*w - 10. Let m be (-3)/((-18)/(-3))*-154. Let u = m - 50. Calculate the remainder when t(6) is divided by u.
26
Suppose -3*j = -7*j + 44. Let o = j + -5. Let p(v) = -v**3 - 19*v**2 - 19*v + 11. Calculate the remainder when p(-18) is divided by o.
5
Let l = 92 - 53. Suppose -l = -3*m + 24. What is the remainder when m is divided by 11?
10
Calculate the remainder when 231*(2*1/(-2))/(-3) is divided by 4.
1
Suppose 0*k = -k + 3. Suppose 6*r = 4*j + r + 13, k*j + 2*r = 19. Suppose -j*u - 2*y + 41 = -y, 0 = y - 2. Calculate the remainder when u is divided by 7.
6
Suppose -x - x = -92. Let b = 79 - 47. Let h = b - 20. What is the remainder when x is divided by h?
10
Let u = 20 + -24. What is the remainder when 24 is divided by (13/2)/((-2)/u)?
11
Calculate the remainder when 18 is divided by (-876)/(-63) - (-10)/105.
4
What is the remainder when (4781/28 - -7)/((-9)/(-24)) is divided by 17?
15
Let k = 52 - 33. Let n(g) = -9*g - 20. What is the remainder when n(-5) is divided by (-3)/(2 - k/8)?
1
Let z be 42/(5/(25/10)). Let t = z - -40. What is the remainder when t is divided by 21?
19
Let u = -659 - -871. What is the remainder when u is divided by 70?
2
Let c = -89 - -165. Calculate the remainder when c is divided by 13.
11
Suppose -62*o + 56*o = -72. Let j(b) = 8 + 18 - b - 3. Calculate the remainder when j(0) is divided by o.
11
Let i(u) = -u**3 - 11*u**2 - 10*u + 2. Let v be i(-10). Let d(l) = -3*l - 2*l + 0 - 2 + v*l. What is the remainder when 87 is divided by d(-8)?
21
Suppose 4*n - m = 3*m, -5*n = m - 24. Suppose 0 = -3*z - u + 24, 0*u - 5*u + 21 = n*z. Calculate the remainder when 11 is divided by z.
2
Let f be (-2*23/10 + 3)*-490. Suppose -30*t + f = -26*t. Calculate the remainder when t is divided by 18.
16
Let z be ((-97)/1)/(-4 + 3). Suppose 0*w = w - z. Calculate the remainder when w is divided by 25.
22
Let w = -90 - -124. What is the remainder when w is divided by 25?
9
Let j be ((-70)/56)/(2/(-8)). Suppose 5*y - 111 = -2*a, 360 = j*a - 2*y - 2*y. What is the remainder when a is divided by 18?
14
Suppose 4*u - 72 = -0*u. Suppose -31 = c - 4*m, 5*c + 100 = -3*m + 37. Let t = u + c. Calculate the remainder when 13 is divided by t.
1
Suppose -20 = -2*t + 4*h + 20, -4*h - 10 = t. Let k be 2*(-5)/5 - -3. Suppose -13 + k = -3*a. What is the remainder when t is divided by a?
2
Suppose 50 = 2*c + 4*g - 9*g, -30 = -2*c - 5*g. What is the remainder when 39 is divided by c?
19
Suppose -6*y + 2*w = -y + 17, y + 8 = 5*w. What is the remainder when 5 is divided by -2 + (6 - 1) - (1 + y)?
0
Let a(q) = 3*q**2 - 20*q + 31. What is the remainder when a(10) is divided by 45?
41
Suppose -4*s - 1 - 39 = 0. Let u = s + 20. Let x(n) = -3*n. Calculate the remainder when u is divided by x(-1).
1
Suppose 5*x = -2*a + 91, 0 = 3*x - x - a - 31. Calculate the remainder when 186 is divided by x.
16
Let z = 73 - 46. Suppose -4*o - 5*u = -40, -5*o + z = -5*u - 68. What is the remainder when 26 is divided by o?
11
Let q(j) = -4*j - 21. Let r be q(-6). What is the remainder when 30/(-1 + 2) + -1 is divided by 2/r + (-84)/(-9)?
9
Let x be (-2)/7 - (-40)/(-7). What is the remainder when 3 is divided by 4 + -8 - -1 - x?
0
Suppose 95 = x - 5*f, -x + f + 0*f = -103. Suppose 6 = 2*t, -2*w - 2*t + x = t. Let m = -1241 - -1266. What is the remainder when w is divided by m?
23
Calculate the remainder when 38 is divided by 8531/285 + 1/15.
8
Let w(d) = 2*d**3 + 12*d**2 + d - 6. Calculate the remainder when w(-5) is divided by 21.
18
Suppose 0 = -5*r + 7*r + 5*f - 201, 0 = -r + 4*f + 94. What is the remainder when r is divided by 10?
8
Calculate the remainder when (-83)/(-3) + (-9)/(-27) is divided by 8.
4
Suppose 36 + 94 = 5*r. Calculate the remainder when r is divided by 10.
6
Suppose 8*w - 23 - 81 = 0. Suppose -3*i = -2*m - i - 8, w = -2*m + 3*i. What is the remainder when 7 is divided by m?
0
Let z(n) = -36*n - 50. What is the remainder when 130 is divided by z(-2)?
20
Suppose 8 = -17*w + 21*w. Suppose 5*i + 26 - 153 = -4*o, -i = w*o - 29. What is the remainder when 112 is divided by i?
20
Suppose -4*m - 162 = -6*m. Let g = m + -49. Calculate the remainder when g is divided by 11.
10
Let n = -47 - -62. Calculate the remainder when 87 is divided by n.
12
Suppose 0 = 4*g - 2*g - 30. Let p(b) = b**3 + 33*b**2 + 58*b - 37. Calculate the remainder when p(-31) is divided by g.
12
Let n(o) be the second derivative of -o**5/20 - o**4/12 - 7*o**3/6 - 9*o**2/2 - 14*o. What is the remainder when n(-4) is divided by 14?
11
Suppose -37759 - 16557 = -74*p. What is the remainder when p is divided by 21?
20
Suppose 2*n - k = -n + 412, -4*k = 4. Suppose 4*f = -13 + n. Let y = f + -19. Calculate the remainder when y is divided by 7.
5
Suppose -302 + 847 = 2*t + 3*p, 0 = -t - 4*p + 260. What is the remainder when t is divided by 95?
90
Let w = -16 - -21. Suppose -3*u - 7 = -4*z, -4*z + 9*z = w*u + 10. Calculate the remainder when 10 is divided by z/3 - (-11)/3.
2
Suppose 4*j + 125 = -g + 478, -3*j + 4*g = -241. Let w = -24 + j. What is the remainder when w is divided by 11?
8
Let s(o) = -7*o + 31. What is the remainder when s(-14) is divided by 68?
61
Let j = -10 + 10. Let g(i) = -5 + j*i**2 + i**3 - i + 4*i - 3*i**2 + 0*i**2. Calculate the remainder when g(4) is divided by 8.
7
Suppose 28 + 1520 = 4*x. Calculate the remainder when x is divided by 97.
96
Suppose 834*a = 852*a - 54. What is the remainder when 81 is divided by a?
0
Suppose -h + 13174 = 13*h. Calculate the remainder when h is divided by 23.
21
Let x(f) = -3*f + 0 + 4*f + 0 + 3. Suppose w + 27 = 29. What is the remainder when x(0) is divided by w?
1
Let g(f) = 64*f**2 + 14*f - 13. What is the remainder when 193 is divided by g(1)?
63
Let m = 584 - 581. Calculate the remainder when m is divided by 3/1 + (-3 - -3).
0
Let z be 8/(-10)*5/(-2). Suppose 0 = z*h - h - 50. Let g = 65 + -52. What is the remainder when h is divided by g?
11
Let l(r) = 100*r - 170. What is the remainder when 410 is divided by l(2)?
20
Let i be 49419/119 - 4/14. Suppose 2*l + 5*a - 36 = i, -866 = -4*l + 2*a. Calculate the remainder when l is divided by 11.
9
Let u = 1658 + -1188. Calculate the remainder when u is divided by 40.
30
Suppose -4*q = -q - 9. Let s(z) = 3*z**3 - 4*z**2 - 5*z + 2. What is the remainder when s(q) is divided by 11?
10
Suppose 5*p - 71 = j, 7*j - 11*j + 52 = 4*p. Let h(z) = z**3 - 11*z**2 + 6*z + 15. Calculate the r